se 2, what is 10010 - -1110110?
10001000
In base 7, what is -16 - 3?
-22
In base 8, what is 7232 - 3?
7227
In base 16, what is 2 + -db?
-d9
In base 16, what is 40 + -5?
3b
In base 8, what is -5 - -25?
20
In base 2, what is -11 + -110001011010?
-110001011101
In base 16, what is 4 - -441?
445
In base 12, what is -2 - -108?
106
In base 12, what is 11 + -355?
-344
In base 14, what is 93 - -3?
96
In base 8, what is 31 - -71?
122
In base 11, what is a1 - 1a?
82
In base 2, what is 1 - 11011101?
-11011100
In base 14, what is 5 + 153?
158
In base 9, what is 1 + -237?
-236
In base 2, what is -100001 - -10?
-11111
In base 4, what is -2231 + -122?
-3013
In base 15, what is -5 - -7db?
7d6
In base 6, what is -10515 - -2?
-10513
In base 5, what is -3340 + 10?
-3330
In base 10, what is 857 + 0?
857
In base 12, what is -2 - -9?
7
In base 2, what is 10010000 + -1101?
10000011
In base 6, what is -1 + 2030?
2025
In base 5, what is 4 - 144?
-140
In base 3, what is -1111 + 101?
-1010
In base 5, what is 1301 - 2?
1244
In base 14, what is 262 - -1a?
27c
In base 7, what is -5 - 616?
-624
In base 7, what is -14 + -612?
-626
In base 13, what is -30 + 25?
-8
In base 3, what is 10 - 1222?
-1212
In base 5, what is -4 + 310?
301
In base 13, what is -443b + -2?
-4440
In base 3, what is 2001120 - -2?
2001122
In base 2, what is -10010011001100 + -100?
-10010011010000
In base 12, what is -66 - 24?
-8a
In base 6, what is 0 - 1132?
-1132
In base 7, what is -4 - -4606?
4602
In base 10, what is 116 - -4?
120
In base 15, what is -1029 + 0?
-1029
In base 15, what is 4 + -673?
-66e
In base 2, what is -1111100100 + -101?
-1111101001
In base 6, what is 25 - 5?
20
In base 11, what is 1 + -2309?
-2308
In base 11, what is -8 + -734?
-741
In base 12, what is 1 - -a3?
a4
In base 9, what is 32 + -11?
21
In base 14, what is -3 - -8db?
8d8
In base 13, what is 2928 + -2?
2926
In base 11, what is -5 + -21?
-26
In base 5, what is 2 - 332?
-330
In base 15, what is -dc + 3?
-d9
In base 12, what is b - 110?
-101
In base 13, what is -3 - -1a8?
1a5
In base 8, what is -2 + -1311?
-1313
In base 6, what is 5 - -1550?
1555
In base 16, what is -14 + 4e?
3a
In base 9, what is -43 + -1?
-44
In base 2, what is -11 - -10011110?
10011011
In base 6, what is 3 - 203?
-200
In base 3, what is 11222 + 2?
12001
In base 6, what is -2 - 1455?
-1501
In base 16, what is -2 - -23e?
23c
In base 13, what is 93 - -5?
98
In base 3, what is 10 + -222?
-212
In base 6, what is 4 - 440?
-432
In base 8, what is -15 - -10?
-5
In base 8, what is 1036 + -5?
1031
In base 15, what is 3 - -1770?
1773
In base 10, what is -2531 + 0?
-2531
In base 12, what is -6b8 + 5?
-6b3
In base 13, what is -387 - -2?
-385
In base 3, what is -11 - 12110?
-12121
In base 2, what is 11000 - -101?
11101
In base 16, what is d - 4?
9
In base 13, what is -4 - 25?
-29
In base 13, what is -14515 - -3?
-14512
In base 10, what is 544 + -4?
540
In base 11, what is 3 - -92?
95
In base 4, what is 30200 + 10?
30210
In base 2, what is 100 - 111111011100?
-111111011000
In base 10, what is -148 - 0?
-148
In base 11, what is -6 + -877?
-882
In base 13, what is b1 - -2?
b3
In base 8, what is 2 - 65?
-63
In base 3, what is -20 - 2202?
-2222
In base 3, what is -10 - 1112?
-1122
In base 8, what is 23 + -406?
-363
In base 16, what is 2 + -7?
-5
In base 9, what is -142 + -3?
-145
In base 15, what is -3 + 2?
-1
In base 6, what is 0 + 2335?
2335
In base 11, what is 2a0 - 0?
2a0
In base 5, what is -1223 + 10?
-1213
In base 15, what is -b - 25d?
-269
In base 15, what is -1 + -b?
-c
In base 12, what is -4 + -b22?
-b26
In base 14, what is -9 + c8?
bd
In base 7, what is 3 - -3644?
3650
In base 10, what is 1771 + -2?
1769
In base 10, what is -37 + 17?
-20
In base 14, what is -37db - -4?
-37d7
In base 4, what is -1103 + -11?
-1120
In base 10, what is -152 - -2?
-150
In base 10, what is 449 - 4?
445
In base 5, what is -24 - -1204?
1130
In base 7, what is 161 + -2?
156
In base 8, what is 274 - -16?
312
In base 5, what is -10 - -321?
311
In base 9, what is -10 + -536?
-546
In base 3, what is 2000002 + 12?
2000021
In base 13, what is 2 - 3?
-1
In base 14, what is 68d - 5?
688
In base 2, what is -11000101101 + 101?
-11000101000
In base 11, what is 3 + a2?
a5
In base 2, what is -1 + -1001110?
-1001111
In base 15, what is 479e - 0?
479e
In base 15, what is eb2c + -4?
eb28
In base 12, what is -9a5 + -4?
-9a9
In base 3, what is 10 - 1121122?
-1121112
In base 12, what is -6 + b0?
a6
In base 5, what is -2 + 40?
33
In base 12, what is 35 + -39?
-4
In base 2, what is 110010 + -101?
101101
In base 6, what is 4015 - -2?
4021
In base 3, what is 10 - 211?
-201
In base 3, what is 0 + 201212?
201212
In base 16, what is 1 - a?
-9
In base 5, what is 1201422 - 2?
1201420
In base 15, what is -2 - c1?
-c3
In base 13, what is -2 + 1ac?
1aa
In base 9, what is -5 - -51?
45
In base 8, what is -1 + 2426?
2425
In base 14, what is c - -14?
22
In base 5, what is 13 + -3040?
-3022
In base 4, what is -3 - -110?
101
In base 9, what is -5 + -636?
-642
In base 16, what is -5ed + 3?
-5ea
In base 3, what is 2 + -10121?
-10112
In base 2, what is 11110 + 101?
100011
In base 3, what is -201222 + 12?
-201210
In base 15, what is a - 40?
-35
In base 15, what is -6 - -4?
-2
In base 6, what is 402 - 24?
334
In base 4, what is -210011 - -1?
-210010
In base 4, what is -1202 + 32?
-1110
In base 4, what is 0 - -20?
20
In base 12, what is -62 + 1a?
-44
In base 7, what is -4 + -104?
-111
In base 15, what is -5 + 5?
0
In base 13, what is 7 - -1?
8
In base 7, what is -6 - -41?
32
In base 4, what is 13130 + -10?
13120
In base 5, what is -10 + -330?
-340
In base 13, what is 4 - -188?
18c
In base 2, what is -10 - 11001010?
-11001100
In base 12, what is 3 - -ba?
101
In base 3, what is 1000202 - -2?
1000211
In base 16, what is -1 - -102c?
102b
In base 14, what is 7a - -3a?
b6
In base 11, what is -107 - -4?
-103
In base 3, what is -1 - -21210?
21202
In base 6, what is 40234 - 3?
40231
In base 16, what is -217 + -12?
-229
In base 8, what is 271 + -237?
32
In base 7, what is -302 - 1?
-303
In base 14, what is -99 + -5?
-a0
In base 3, what is 10 - 202212?
-202202
In base 2, what is -101 - -100110001010?
100110000101
In base 3, what is -12 + 1121?
1102
In base 7, what is -133 - -4?
-126
In base 2, what is -111110 + 0?
-111110
In base 3, what is -10222 - -100?
-10122
In base 13, what is -2 + c2?
c0
In base 15, what is -15 - -3d?
28
In base 10, what is 3 + 829?
832
In base 11, what is 1 - -23?
24
In base 8, what is 132 + -4?
126
In base 2, what is -1001010 - 11000?
-1100010
In base 12, what is 20 + 4b?
6b
In base 4, what is 1 - 1011?
-1010
In base 9, what is -11 - -6?
-4
In base 10, what is -7 + 9?
2
In base 14, what is 2 + -25?
-23
In base 7, what is -123300 + 0?
-123300
In base 8, what is 1 - 524?
-523
In base 11, what is 1 + -33?
-32
In base 16, what is -9d - -6?
-97
In base 8, what is 105 + 0?
105
In base 6, what is 14 - 411?
-353
In base 11, what is -23 + 1?
-22
In base 12, what is 13 - 66b?
-658
In base 14, what is 1a - b1?
-95
In base 10, what is 0 - -636?
636
In base 5, what is 42204 + 4?
42213
In base 8, what is 61 + -2?
57
In base 8, what is 15 - -673?
710
In base 5, what is -11143 - -1?
-11142
In base 4, what is -130232 - -11?
-130221
In base 4, what is 21220 - -10?
21230
In base 9, what is -1 - -343?
342
In base 10, what is -897 + 4?
-893
In base 16, what is -6e - 4?
-72
In base 13, what is 71a + 4?
721
In base 12, what is 217 + -2?
215
In base 9, what is 287 - -45?
343
In base 6, what is 33101 + -2?
33055
In base 10, what is -6 + 55?
49
In base 14, what is -200 - -1?
-1dd
In base 6, what is 22 - 110?
-44
In base 16, what is 4 + f?
13
In base 9, what is -165 + 5?
-160
In base 6, what is 3 + 112?
115
In base 5, what is 33 - -114?
202
In base 3, what is -110 + 1111221?
1111111
In base 16, what is -e - -27?
19
In base 9, what is -22 - 23?
-45
In base 4, what is -20 - 1200?
-1220
In base 6, what is -5 - -411?
402
In base 13, what is -1 - -1c7?
1c6
In base 11, what is -8 - -16?
9
In base 2, what is -11 - -10010011?
10010000
In base 9, what is 0 - 3882?
-3882
In base 13, what is -3 - 2438?
-243b
In base 2, what is -1000 - 1101?
-10101
In base 10, what is -107 + -4?
-111
In base 15, what is 3 - -117?
11a
In base 4, what is -203 - 120?
-323
In 